hat is the tens digit of i(19)?
4
What is the tens digit of 199542/210 - 6/5?
4
Let y be (-34)/(-9) + (-26)/(-117). Suppose -7*t + y*t = -12. What is the units digit of (61/2)/(t/8)?
1
Suppose -8*r + 27 = -11*r. What is the units digit of 6*(-84)/r + -2 + 2?
6
Suppose -209*k - 16310 = -216*k. What is the units digit of k?
0
Let a(q) = q**3 + 1 + 22 + 25*q**2 + 12 - 10. What is the units digit of a(-25)?
5
Let x = -212 - 42. Let o = 462 + x. What is the units digit of o?
8
Suppose 126394 = 36*j - 49430. What is the tens digit of j?
8
Let o(y) = 32 + y**2 + 11*y - 4*y - 8*y. What is the units digit of o(0)?
2
Let h = 52 + -48. Suppose h*y = -5*g - y + 560, 2*g - 230 = -4*y. What is the units digit of g?
9
Let m be ((-1)/4)/(2/(-24)). Suppose -65 + 11 = -m*h. What is the tens digit of h?
1
Let b be (-4662)/(-35)*5/2. Suppose -b = -2*f - 77. What is the units digit of f?
8
Let v = 7 + -2. Suppose 6 = -5*x + v*c - 4, 0 = -x - 3*c + 18. What is the units digit of x - 2 - (0 - 3)?
4
Let t = 66 - 57. What is the tens digit of 907/t - 40/(-180)?
0
Suppose 3*b = -3*o + 2*o + 98, 2*b - 342 = -4*o. What is the units digit of o?
3
Suppose -4*s = -97 - 227. Suppose 0 - 15 = -5*m + 5*r, 4*m + r = 17. Suppose m*h - s = h. What is the units digit of h?
7
What is the units digit of (-807 - 2)/(0 - 5/10)?
8
Suppose -2*v + 291 = -10*q + 9*q, 5*v = 2*q + 725. What is the units digit of v?
3
Suppose 69*v - 49*v - 11720 = 0. What is the units digit of v?
6
Let l(t) = 61*t**2 - 10*t - 10. What is the hundreds digit of l(-3)?
5
Let p(f) = -f + 29. Let t be p(11). Let u = 34 + t. What is the units digit of u?
2
What is the tens digit of (24/20)/((-13)/(-7540))?
9
Let o(a) = 196*a**2 - 19*a + 49. What is the tens digit of o(3)?
5
Suppose 2*w - 3*o = 1527, 4*o - 394 = -3*w + 1922. What is the units digit of w?
8
What is the units digit of ((-28458)/124)/((-1)/2)?
9
Suppose 0*b = 3*b + 4*k - 53, -3*k + 15 = 0. Let f(p) = p**2 - 5*p - 24. What is the units digit of f(b)?
2
Suppose -2747 + 575 = -6*i. What is the tens digit of i?
6
Let c(l) = 3*l + 136. What is the hundreds digit of c(14)?
1
Let d = 25 - 19. Let b = 489 + -347. Suppose b = d*z - 38. What is the units digit of z?
0
Let u(x) = -x**3 + 24*x**2 - 4*x + 51. What is the tens digit of u(23)?
8
Let d = 0 - -5. Suppose 3*o = -4*v + d, 6*v + 5*o = v + 5. What is the tens digit of v*58/12*3?
2
Let l = 7827 - 4454. What is the tens digit of l?
7
Suppose -119*g = -123*g + 3008. What is the tens digit of g?
5
Suppose -2*i + 8 = -2, -5*t + 45 = 4*i. Suppose 4*o + 0*v = -3*v + 340, -62 = -o + t*v. What is the units digit of o?
2
Let d(s) be the third derivative of s**7/840 + s**6/180 - s**5/15 - 2*s**2. Let o(v) be the third derivative of d(v). What is the tens digit of o(4)?
2
What is the hundreds digit of 3724/9 + 12/54?
4
Suppose -3*v = 5*u - 26, -3*v + v = -u. Suppose -2*l + 16 = v*l. Suppose k + 0*m - 32 = -m, -l*m + 32 = k. What is the tens digit of k?
3
Suppose q - 5*c + 2 - 94 = 0, q = -c + 92. Suppose -5*z - 4*m + 225 = 0, -3*m + q = 2*z - m. What is the units digit of z?
1
Let b = 1689 + -813. Suppose 0 = -5*i + b + 99. What is the tens digit of i?
9
Let n = 1625 + 1408. What is the tens digit of n?
3
Suppose -26 = -3*f - 17. Suppose -f*j + 144 = -417. What is the units digit of j?
7
Let a = 382 - 165. What is the hundreds digit of a?
2
Suppose 17*l = 7*l + 1840. What is the hundreds digit of l?
1
Let p(y) = -y**3 - 23*y**2 + 7*y + 27. What is the tens digit of p(-24)?
3
Let d(z) = 40*z - 36. What is the tens digit of d(8)?
8
Let n be (1666/4 + 1)*2. Suppose -291 + n = 4*p. What is the units digit of p?
6
Let z(x) be the first derivative of -x**4/4 + 5*x**3/3 - 3*x**2/2 + 8*x + 98. Let r = 3 + 1. What is the tens digit of z(r)?
1
Let x(b) = b**3 + 2*b**2 + 2. Let m be x(-2). Let d = 23 + -10. Suppose 0 = -m*h - h + 5*z + 83, -h - 2*z = -d. What is the units digit of h?
1
Suppose -32*n + 77*n - 120105 = 0. What is the units digit of n?
9
Suppose -4*y - 118 = 2*k, -5*k + k + 4*y - 284 = 0. Let g = k - -162. Suppose -4*s = s - g. What is the units digit of s?
9
Let m(k) = 5 + 7*k**2 + 2*k**3 - 1 - 3*k**3 + 8*k. Suppose -2*j + 10 = 0, -f + 2*f - 5*j + 17 = 0. What is the units digit of m(f)?
4
Suppose 2*k - 22404 = -5*r, 5*r - 15898 - 6498 = 2*k. What is the thousands digit of r?
4
Let n(t) = 17*t**2 + t + 2. Let i(o) = 17*o**2 + 2*o + 2. Let d(f) = -2*i(f) + 3*n(f). What is the hundreds digit of d(-3)?
1
Let u be 1 - (-7)/((-35)/(-10)). Let c(v) = -3*v - v**u + 0 + 0*v - 2*v**2 + 2. What is the tens digit of c(-4)?
4
What is the tens digit of (-177 + -1)*(-2 - -1)?
7
Let a be (-3)/12 + 1 + 12393/36. Suppose -u + 107 = q, u - 4*u + 5*q = -a. What is the tens digit of u?
1
Suppose 2*o - 883 = 957. What is the hundreds digit of o?
9
Let z(u) = 16*u**2 - 5*u + 2. Let x(i) = -i**3 + 14*i**2 + 3. Let y be x(14). What is the hundreds digit of z(y)?
1
Let q be (2/4)/(7/98). Suppose 3*t - q*t = -536. What is the hundreds digit of t?
1
Let q(t) be the third derivative of t**4/24 + 16*t**3/3 + 5*t**2. What is the tens digit of q(5)?
3
Let r(z) = 7*z - 8*z**2 - 3*z**3 + 2*z**3 + 15*z**2 - 21*z + 3. Let k be r(6). What is the tens digit of (-146)/(-9) - (-10)/k?
1
Let r(c) = 8*c**2 - 3*c + 2. What is the thousands digit of r(13)?
1
Let t(j) = j**3 - 6*j**2 - 3*j - 1. Let k be t(7). Let q = k + -18. Suppose -d + 2*d - 2*u = q, 0 = -2*d + u + 27. What is the tens digit of d?
1
What is the thousands digit of (-4595)/(-1) - (-14 + (17 - 5))?
4
Let t be 7 + -4 + 1 + 1. Let o(d) = -d**2 - d + 9. Let h be o(0). What is the tens digit of h*(t - (-8)/(-4))?
2
Suppose -4*m = 2*x + 2*x - 16, 4*x - 8 = -2*m. Suppose -60 = -4*k - x*k. Let d = k - 13. What is the units digit of d?
2
Suppose 37*r = -6666 + 19986. What is the tens digit of r?
6
Let d(z) = -38*z**3 + 2*z**2 + 4*z + 6. Let f(h) = 57*h**3 - 3*h**2 - 6*h - 9. Let g(n) = -7*d(n) - 5*f(n). What is the tens digit of g(-2)?
5
What is the hundreds digit of (-12)/54 - (-10758)/54?
1
Let k(w) = -5*w**2 + 313*w - 108. What is the hundreds digit of k(60)?
6
Let s = 18 - -21. Let j = s - 69. Let r = -22 - j. What is the units digit of r?
8
Suppose -9*a - 8487 = -18*a. What is the hundreds digit of a?
9
Let j(b) = b**3 - 4*b**2 - 5*b + 6. Let x be j(5). Suppose x - 33 = -l. Let o = l - 0. What is the tens digit of o?
2
Let d(i) = 3*i - 3. Let n be d(4). Suppose -6 = 12*k - n*k. Let b(y) = -5*y**3 + 4*y + 5. What is the units digit of b(k)?
7
Suppose 16*m - 10*m - 30 = 0. Suppose m*r - 192 = 4*f - 1220, -4*r = 0. What is the tens digit of f?
5
Let p(o) = -62*o + 109. What is the hundreds digit of p(-6)?
4
Let p = 86 + -171. What is the tens digit of p/(-5) - 4 - 3?
1
What is the hundreds digit of (-7)/((-14)/2818) - (0 + 0)?
4
Suppose 2*k - 144 - 310 = 3*p, 5*k + 2*p - 1097 = 0. What is the tens digit of k?
2
Suppose z = -6*p + 2*p + 1501, z - 1502 = -5*p. What is the hundreds digit of z?
4
Let d be 2 - 1*(2 - 3). Suppose -2*p + 2*g + 4 = 6*g, -d*p = 4*g - 10. Let v = p + -5. What is the units digit of v?
1
Let k(v) = 226*v - 13. What is the units digit of k(5)?
7
Suppose 0 = 9*a - 8830 - 16442. What is the units digit of a?
8
Suppose -2*q = 3*i - 214, 3*i + 2*q = 2*i + 74. Let k = 133 - i. What is the units digit of k?
3
Suppose -3*w = -2*l, -w - 5 - 8 = -5*l. Let x = w + 2. What is the units digit of -3 - ((-636)/3)/x?
0
Let y(u) = -1. Let j(i) = i - 2. Let z be ((-18)/(-2))/(1 + -2). Let k(b) = z*y(b) + 4*j(b). What is the tens digit of k(3)?
1
Suppose 3*w - 3 - 9 = 0. Suppose -2*u - 1 = 5, -w*r + 463 = -u. What is the tens digit of r?
1
Let l = 4 + -4. Suppose g + 2*g - 12 = l. Suppose g*m + 17 = 5*m. What is the units digit of m?
7
Let d(v) = -v**3 + 38*v**2 - 224*v + 75. What is the tens digit of d(22)?
9
Let w = -44 - -30. Let l be (-20)/70 + 66/w. Let r = l + 22. What is the units digit of r?
7
Let z be 4/(5 - 4 - 3). What is the units digit of z/15 + 13/(975/3910)?
2
Suppose 9*z - 11*z = -24. Suppose 1131 + 2877 = z*r. What is the units digit of r?
4
Let j = -192 + 376. Suppose 2*q - 3*n - j = -8*n, -3*q + 283 = 4*n. What is the tens digit of q?
9
Let t = 126 - 136. Suppose -p = 5*q - 55, 10 = -5*p - 2*q + 193. Let n = t + p. What is the tens digit of n?
2
What is the hundreds di